t of s/20 + (-4)/10?
3
Let v = 15026 + -10364. What is the tens digit of v?
6
Let y(m) = 7*m + 1. Let u(q) = q**3 + 4*q**2 - q - 3. Let h be u(-4). Let i be y(h). Suppose 2*l - 3*t - 12 = i, -4*t - 43 = -5*l. What is the units digit of l?
7
Let n(z) = 22*z - 1 - 10 - 1. What is the tens digit of n(5)?
9
Let f = 79 + -75. Suppose -f*m - 113 = -5*m. What is the tens digit of m?
1
What is the tens digit of 5480 + (13 - (11 - -9))?
7
Let d = 7 + 5. Suppose -d = j + 4*c, 3*j - j - 5*c - 28 = 0. Suppose 0 = -2*t - 4*a + 32, j*a = -5*t + 94 - 20. What is the units digit of t?
4
Let x(d) be the first derivative of 7*d**3/3 + d**2/2 - 4. Let o be 12/10*(-5)/2 + 5. What is the units digit of x(o)?
0
Let a(t) = -5*t**2 + 4*t - 2. Suppose -i - 9 = -2*k, 4*i + 3*k - 16 = 3*i. Let b be a(i). Let o(f) = 2*f**2 - f - 2. What is the tens digit of o(b)?
1
Let k be (-1)/(-3) + (-8)/(-3). Let g(f) = -f**2 + 2*f + 5. Let o be g(k). Suppose 7*m - 220 = o*m. What is the units digit of m?
4
What is the units digit of 854*1 - 78/(-39)?
6
Let m = 4188 + -2912. What is the units digit of m?
6
Let k(l) = -4*l**3 - 12*l**2 - 20*l + 3. Let j(m) = -m**3 - m**2 - m + 1. Let o(b) = -3*j(b) + k(b). Let w = -10 - -2. What is the tens digit of o(w)?
7
Suppose 0 = -5*s - 32 + 197. Let m be (-6)/(s/(-6) + 4). Suppose -m*w + 106 + 2 = 0. What is the tens digit of w?
2
Let u(a) = 5*a**2 - 7*a + 5. Let m be u(1). Let n(d) = -d - 5. Let z be n(-5). Suppose z = s - m*s + 6. What is the units digit of s?
3
Let n(r) = r**3 + 48. Suppose 4*u - 12*u = 0. What is the tens digit of n(u)?
4
Suppose 30*g - 26*g + 2641 = 3*y, -g = 4*y - 3496. What is the hundreds digit of y?
8
Suppose -2*l - 34 = -244. Suppose -g - 35 = 2*r, 3*g - 2*r = r - l. What is the tens digit of 220/7 + 15/g?
3
Suppose 2*c = u + 1173, -4*u = u + 15. What is the hundreds digit of c?
5
Let w(s) = 2*s**2 + 38. Let p(x) = 4*x**2 - x + 76. Let f(y) = 3*p(y) - 5*w(y). What is the tens digit of f(-7)?
5
Let r be (-47)/(-4)*(-12)/3 - 6. Suppose m = -58 - 37. Let j = r - m. What is the tens digit of j?
4
Suppose -2*y - 444 = -v, -3*v + 0*v + 5*y = -1327. What is the hundreds digit of v?
4
Let v(q) = -q + 12. Let l be v(8). Suppose 3*t + i - 78 = 183, -l*i = -3*t + 276. What is the tens digit of t?
8
Let u = -117 + 311. What is the hundreds digit of u?
1
Suppose -46 - 24 = -7*d. Suppose -2*p = h - 403, -8*p + d*p + 3*h = 397. What is the tens digit of p?
0
Suppose 3*r - 2 = -4*q + 84, -4*r + 61 = 3*q. What is the tens digit of q?
2
Let x(p) = p**3 + 2*p**2 - 3*p - 2. Let o be x(-4). Let f = -22 + o. What is the tens digit of 8/f - (-1456)/22?
6
What is the units digit of 18/(-3) + 14 + 4?
2
Let n = 73 - 39. Suppose -z + 52 = -n. What is the units digit of z?
6
Suppose 0 = -23*x + 21*x - 4*v + 1124, -5*v = -x + 541. What is the hundreds digit of x?
5
Suppose -4*f + 58 = -2*f. Suppose 0 = -3*i + 4*p + 33, 0*i + 5*p + f = 2*i. What is the units digit of i?
7
Suppose -r + 5*r = -3*w - 82, 0 = r + 4. Let u = 47 - 10. Let p = u + w. What is the units digit of p?
5
Let c = -2438 - -7119. What is the tens digit of c?
8
What is the hundreds digit of 3 - (7225/(-11) + 8/(-44))?
6
Let a(x) = -2*x + 2. Let c be a(2). Let n(d) = 3*d**2 - 2*d - 2. Let l be n(c). Suppose l = i + i. What is the units digit of i?
7
Let t(m) = -m + 3. Let n be t(5). Let k(o) = o**3 + 2*o**2 + 4*o + 6. Let a be k(n). Let g(y) = -y**3 + 3*y**2 + 5*y + 4. What is the tens digit of g(a)?
1
Suppose 8*b - 7*b = 0. Suppose 0 = w - 2*w - 4*o + 60, b = -5*w - 3*o + 249. Suppose -6*k = -2*k - w. What is the tens digit of k?
1
Let u(g) = 656*g**2 + 2*g - 6. What is the units digit of u(2)?
2
Suppose 167 = 4*q - 409. Suppose 5*m - 863 = -u, 3*u + q + 19 = m. What is the units digit of m?
2
Let c = 1805 + -21. What is the units digit of c?
4
Let o be ((8/6)/1)/((-16)/(-168)). Suppose -o = 3*k - 29. What is the units digit of k?
5
Let q(g) = -g**3 + 2*g**2 + 8*g + 4. Let y be q(4). Suppose -3*t = -4*b - 110, -y*t - 4*b + b + 180 = 0. What is the units digit of t?
2
Let m(z) = -7*z - 14. Suppose -39 = 2*g - 1. What is the tens digit of m(g)?
1
What is the hundreds digit of 3 + 1 + -1 - (-130 + 22)?
1
What is the units digit of 362/(-2)*(-2 + 1)?
1
Let u = -31 + 40. Let c = u + -8. What is the units digit of c?
1
What is the units digit of (138 - 48/8)*3?
6
Suppose -5*h - 826 + 3044 = -3*u, 3*h - 1346 = -2*u. What is the units digit of h?
6
Let v(p) = -7*p**3 + 18*p**2 - 13*p + 35. Let q(i) = -3*i**3 + 9*i**2 - 6*i + 18. Let s(y) = -5*q(y) + 2*v(y). What is the tens digit of s(9)?
1
Let o be (-21)/(-4*(-2)/16). Let b = o + 61. Suppose -3*i = b - 121. What is the tens digit of i?
3
Suppose 5*c + 15 = 0, 2*t - 6 = -3*t - 3*c. Suppose -172 - 378 = -5*h + 5*q, -t*q = -2*h + 217. What is the hundreds digit of h?
1
Let k(h) = -35*h**2 - 26*h + 38. Let q(m) = 12*m**2 + 9*m - 13. Let g(i) = -6*k(i) - 17*q(i). What is the units digit of g(4)?
1
Let j(s) = 41*s**2 - 2*s + 39. What is the hundreds digit of j(-6)?
5
Let y(o) = 4*o - 5 - o + 0. Let a(h) = -3*h**3 - 2*h**2 - 5*h - 2. Let r be a(-1). What is the units digit of y(r)?
7
Suppose 2*y - 3*y = 0. Let z(g) = y - 3 - 1 - 1 + 5*g. What is the tens digit of z(5)?
2
What is the units digit of 210/105 + 1936/2?
0
Suppose 0 = -5*m - 25, -q + 11*m = 7*m - 1536. What is the units digit of q?
6
Suppose -96*x + 61*x + 20685 = 0. What is the hundreds digit of x?
5
Let m = 1367 + 796. What is the hundreds digit of m?
1
Suppose -2*a + 4*d = -1096, -5*a - 2*d = -3*a - 1114. Suppose -2*w + 0*w + 376 = -g, 3*w - 4*g = a. What is the units digit of w?
0
Let d = 1286 + 3581. What is the tens digit of d?
6
Let l be (-5 + 7)/((-4)/(-1950)). Suppose 2*y + l + 273 = 3*h, -408 = -h - 2*y. What is the tens digit of (-1)/2 + h/12?
3
Let n be (-8)/(-10) + (-3)/(-15) + 4. Suppose -u + 47 + 80 = 0. Suppose 5*l = -10, 2*l - u = -n*c - 2*l. What is the tens digit of c?
2
Suppose g - 26 = 4*v - 2, -3*g + 4*v = -48. Let j = g + -6. Suppose 0*o - j = 2*o, -n - 3*o = 6. What is the units digit of n?
3
Suppose 0 = 3*i - 2488 - 1838. What is the tens digit of i?
4
Suppose -10*l - 381 = -2381. What is the units digit of l?
0
Let u be 0/(2 + 12/(-2)). Suppose p + p + 3*l - 77 = u, 2*l = -5*p + 198. What is the tens digit of p?
4
Let a = 206 - 2514. What is the hundreds digit of a/(-10) + 12*(-8)/120?
2
Let o(b) = -b**2. Let k be o(9). Let s = k - -56. Let h = s + 27. What is the units digit of h?
2
Let w(i) = -i**3 + 12*i**2 - 12*i - 14. Let d(n) = n**2 - 5*n + 14. Let u be d(4). What is the tens digit of w(u)?
6
Let s(z) = 6*z + 12. Suppose 5*u - 8 - 32 = 2*x, u + x - 1 = 0. What is the tens digit of s(u)?
4
Suppose 10*n - 11*n = 0. What is the tens digit of -56*(2/(-4) + n)?
2
Suppose -15*r = -10*r - 2730. Suppose 0 = c, 3*d + 3*c + c = r. What is the hundreds digit of d?
1
Let p(j) = 19*j**3 + 9*j**2 - 11*j + 55. What is the thousands digit of p(6)?
4
Suppose -1753 = -5*n - 7*m + 4*m, 0 = -2*m - 8. What is the units digit of n?
3
Suppose 5*v - 8*c + 9*c - 2879 = 0, -2*c + 2883 = 5*v. What is the hundreds digit of v?
5
Suppose 33 = 4*n - n. Let s be (-1 - n)/(-3) - 7. What is the units digit of 10*s*(-4)/2?
0
Suppose 4*p - 2*t - 58 = 0, 3*p + 5*t - 40 + 3 = 0. What is the hundreds digit of (9 - p)*132/(-5)?
1
Let r(f) = -f**3 + 10*f**2 - 27*f - 2. Let x be r(7). Suppose -2 = p, u + 2*p + 217 = 4*u. Let y = x + u. What is the tens digit of y?
2
Suppose -6*p - 1823 - 43 = 0. Let x = 468 + p. What is the tens digit of x?
5
Suppose 5*u - 2 = 3*a, -4*u = u - 5. Let z be ((-1)/2)/(a/(-22)). Suppose -z*y + 6*y = -20. What is the units digit of y?
4
Suppose -2*x = -u + 3*u - 14, 4*x = 0. Let n = -5 + u. What is the units digit of 33 + (n - -1 - 0)?
6
Suppose 0 = -5*w - z - 20, -11 = 5*w - 4*z - 16. Let l(o) = o**2 + o - 2. Let j be l(-4). What is the tens digit of j*(3 + (-3)/w)?
4
Let c be 1134/49*(7 + 0). Suppose -6*l = -0*l - c. What is the tens digit of l?
2
What is the tens digit of 5 + (-2 - 1) + 300?
0
What is the units digit of (-4)/(-30)*-5 - (-2272)/6?
8
Let p be 3 - (-1 - 32)/3. Let x be (-66)/(-21) + (-2)/p. Suppose x*m - 8 = 2*f, -2*f + 24 - 4 = 4*m. What is the units digit of m?
4
Suppose -3*y = -4*j + 3 - 0, 5*y = j - 5. Suppose j*h - 20 = -5*h. What is the u